{"id":1320,"date":"2026-08-31T17:11:36","date_gmt":"2026-08-31T15:11:36","guid":{"rendered":"https:\/\/frankfurt-lab.de\/?post_type=events&#038;p=1320"},"modified":"2026-09-01T18:10:29","modified_gmt":"2026-09-01T16:10:29","slug":"in-der-pelle-die-zeit","status":"publish","type":"events","link":"https:\/\/frankfurt-lab.de\/einfach\/events\/in-der-pelle-die-zeit\/","title":{"rendered":"In der Pelle die Zeit"},"content":{"rendered":"<p>Die Arbeit erschafft eine Zeit- und Wurstfabrik, durch welche die Besuchenden sowohl geleitet werden, als auch sich eigenst\u00e4ndig bewegen. Ein klassisches Wurstprodukt erf\u00fcllt einen Konservierungszweck, die Haltbarmachung des Verderblichen. In der Fabrik wird die Pelle zum Gef\u00e4\u00df f\u00fcr Identit\u00e4t und Erinnerung. Denn der Fleischwolf der Zeit will am liebsten pausenlos bedient werden.<\/p>\n<p>Je nach Inhalt sind die diversen W\u00fcrste unterschiedlich gut zu kauen und zu verdauen. Einige W\u00fcrste werden sogar noch w\u00e4hrend der Nahrungsaufnahme unendlich weitergestopft. Nicht alle lassen sich einzeln ausscheiden. Oft bedeutet es einen kollektiven Kraftakt.<\/p>\n<p>Zwischen Film, interaktiver Installation, H\u00f6rst\u00fccken, Sound und Performance l\u00e4sst Emmi Esefeld einige Wurst-Arbeiter*innen, Endverbraucher*innen und Besuchende aufeinandertreffen. Was wollen wir durch den Fleischwolf jagen, drehen, was verwursten, in uns aufnehmen und verdauen, und was geh\u00f6rt endg\u00fcltig ausgeschieden?<\/p>\n","protected":false},"featured_media":1367,"template":"","meta":{"_acf_changed":false,"inline_featured_image":false},"class_list":["post-1320","events","type-events","status-publish","has-post-thumbnail","hentry"],"acf":[],"_links":{"self":[{"href":"https:\/\/frankfurt-lab.de\/einfach\/wp-json\/wp\/v2\/events\/1320","targetHints":{"allow":["GET"]}}],"collection":[{"href":"https:\/\/frankfurt-lab.de\/einfach\/wp-json\/wp\/v2\/events"}],"about":[{"href":"https:\/\/frankfurt-lab.de\/einfach\/wp-json\/wp\/v2\/types\/events"}],"wp:featuredmedia":[{"embeddable":true,"href":"https:\/\/frankfurt-lab.de\/einfach\/wp-json\/wp\/v2\/media\/1367"}],"wp:attachment":[{"href":"https:\/\/frankfurt-lab.de\/einfach\/wp-json\/wp\/v2\/media?parent=1320"}],"curies":[{"name":"wp","href":"https:\/\/api.w.org\/{rel}","templated":true}]}}

<p>Die Arbeit erschafft eine Zeit- und Wurstfabrik, durch welche die Besuchenden sowohl geleitet werden, als auch sich eigenständig bewegen. Ein klassisches Wurstprodukt erfüllt einen Konservierungszweck, die Haltbarmachung des Verderblichen. In der Fabrik wird die Pelle zum Gefäß für Identität und Erinnerung. Denn der Fleischwolf der Zeit will am liebsten pausenlos bedient werden.</p>
<p>Je nach Inhalt sind die diversen Würste unterschiedlich gut zu kauen und zu verdauen. Einige Würste werden sogar noch während der Nahrungsaufnahme unendlich weitergestopft. Nicht alle lassen sich einzeln ausscheiden. Oft bedeutet es einen kollektiven Kraftakt.</p>
<p>Zwischen Film, interaktiver Installation, Hörstücken, Sound und Performance lässt Emmi Esefeld einige Wurst-Arbeiter*innen, Endverbraucher*innen und Besuchende aufeinandertreffen. Was wollen wir durch den Fleischwolf jagen, drehen, was verwursten, in uns aufnehmen und verdauen, und was gehört endgültig ausgeschieden?</p>
