{"id":1351,"date":"2026-08-31T17:54:59","date_gmt":"2026-08-31T15:54:59","guid":{"rendered":"https:\/\/frankfurt-lab.de\/?post_type=events&#038;p=1351"},"modified":"2026-09-01T17:24:58","modified_gmt":"2026-09-01T15:24:58","slug":"barrierefreiheit-in-der-tanzausbildung-towards-reshaping-dance-education","status":"publish","type":"events","link":"https:\/\/frankfurt-lab.de\/einfach\/events\/barrierefreiheit-in-der-tanzausbildung-towards-reshaping-dance-education\/","title":{"rendered":"Barrierefreiheit in der Tanzausbildung &#8211; Towards Reshaping Dance Education"},"content":{"rendered":"<p>Das\u00a0 Projekt widmet sich der F\u00f6rderung der Barrierefreiheit in der Tanzausbildung an Hochschulen, indem es behindertengerechte Ans\u00e4tze f\u00fcr das Bewegungstraining entwickelt. Es wurde gemeinsam von Laura Ahumada Garc\u00eda, Hannah Dewor, Annie Edwards und Pihla Jaala ins Leben gerufen. Das Team bringt T\u00e4nzer*innen mit und ohne Behinderung zusammen und verbindet Lebenserfahrung mit fachlicher Expertise, um Lehrplaninhalte und p\u00e4dagogische Ressourcen f\u00fcr Institutionen und freischaffende Kreative zu entwickeln, die inklusive Praktiken st\u00e4rken m\u00f6chten.<\/p>\n<p>In diesem Workshop werden die Erkenntnisse sowie die noch offenen Fragen aus unserem Forschungslabor im Rahmen eines Stipendiums im September 2025 vorgestellt, das von der Hessischen Theaterakademie gef\u00f6rdert wurde. W\u00e4hrend der Residenz haben wir unsere individuellen Bewegungskompetenzen unter den Gesichtspunkten Barrierefreiheit, \u00dcbersetzung und Einwilligung untersucht. Im Rahmen des F\u00b0LAB Festivals wird das Kollektiv Bewegungsaufgaben vorstellen und zur Reflexion dar\u00fcber anregen, wie wir unsere Ans\u00e4tze im Tanz erweitern k\u00f6nnen.<\/p>\n","protected":false},"featured_media":1349,"template":"","meta":{"_acf_changed":false,"inline_featured_image":false},"class_list":["post-1351","events","type-events","status-publish","has-post-thumbnail","hentry"],"acf":[],"_links":{"self":[{"href":"https:\/\/frankfurt-lab.de\/einfach\/wp-json\/wp\/v2\/events\/1351","targetHints":{"allow":["GET"]}}],"collection":[{"href":"https:\/\/frankfurt-lab.de\/einfach\/wp-json\/wp\/v2\/events"}],"about":[{"href":"https:\/\/frankfurt-lab.de\/einfach\/wp-json\/wp\/v2\/types\/events"}],"wp:featuredmedia":[{"embeddable":true,"href":"https:\/\/frankfurt-lab.de\/einfach\/wp-json\/wp\/v2\/media\/1349"}],"wp:attachment":[{"href":"https:\/\/frankfurt-lab.de\/einfach\/wp-json\/wp\/v2\/media?parent=1351"}],"curies":[{"name":"wp","href":"https:\/\/api.w.org\/{rel}","templated":true}]}}

<p>Das  Projekt widmet sich der Förderung der Barrierefreiheit in der Tanzausbildung an Hochschulen, indem es behindertengerechte Ansätze für das Bewegungstraining entwickelt. Es wurde gemeinsam von Laura Ahumada García, Hannah Dewor, Annie Edwards und Pihla Jaala ins Leben gerufen. Das Team bringt Tänzer*innen mit und ohne Behinderung zusammen und verbindet Lebenserfahrung mit fachlicher Expertise, um Lehrplaninhalte und pädagogische Ressourcen für Institutionen und freischaffende Kreative zu entwickeln, die inklusive Praktiken stärken möchten.</p>
<p>In diesem Workshop werden die Erkenntnisse sowie die noch offenen Fragen aus unserem Forschungslabor im Rahmen eines Stipendiums im September 2025 vorgestellt, das von der Hessischen Theaterakademie gefördert wurde. Während der Residenz haben wir unsere individuellen Bewegungskompetenzen unter den Gesichtspunkten Barrierefreiheit, Übersetzung und Einwilligung untersucht. Im Rahmen des F°LAB Festivals wird das Kollektiv Bewegungsaufgaben vorstellen und zur Reflexion darüber anregen, wie wir unsere Ansätze im Tanz erweitern können.</p>
